?
3, 211, 499
List the prime factors of 17070747.
3, 5690249
What are the prime factors of 13502272?
2, 7, 30139
List the prime factors of 261216.
2, 3, 907
What are the prime factors of 2749125?
3, 5, 7331
List the prime factors of 65121.
3, 7, 443
What are the prime factors of 224264?
2, 17, 97
List the prime factors of 540990.
2, 3, 5, 6011
List the prime factors of 394575.
3, 5, 5261
List the prime factors of 1363246.
2, 681623
List the prime factors of 255884.
2, 17, 53, 71
What are the prime factors of 13933745?
5, 7, 19, 23, 911
What are the prime factors of 4107160?
2, 5, 102679
What are the prime factors of 7723348?
2, 19, 151, 673
List the prime factors of 71437.
71437
List the prime factors of 576426.
2, 3, 23, 4177
List the prime factors of 177021.
3, 13, 17, 89
List the prime factors of 415243.
241, 1723
List the prime factors of 14854783.
14854783
What are the prime factors of 11319224?
2, 7, 202129
List the prime factors of 84303.
3, 17, 19, 29
List the prime factors of 1162432.
2, 41, 443
What are the prime factors of 18315618?
2, 3, 47, 107, 607
What are the prime factors of 118892?
2, 29723
List the prime factors of 8878890.
2, 3, 5, 19, 37, 421
List the prime factors of 371876.
2, 31, 2999
List the prime factors of 4630994.
2, 37, 62581
List the prime factors of 5220941.
11, 521, 911
List the prime factors of 3155538.
2, 3, 525923
What are the prime factors of 8947777?
79, 191, 593
List the prime factors of 1094131.
1094131
List the prime factors of 152296.
2, 19037
What are the prime factors of 1618798?
2, 809399
What are the prime factors of 11116105?
5, 7, 11, 13, 2221
List the prime factors of 364818.
2, 3, 41, 1483
List the prime factors of 1450419.
3, 137, 3529
What are the prime factors of 698092?
2, 199, 877
List the prime factors of 15812086.
2, 23, 263, 1307
List the prime factors of 65953.
101, 653
What are the prime factors of 1223919?
3, 239, 569
What are the prime factors of 474491?
474491
List the prime factors of 13314473.
13314473
List the prime factors of 5155017.
3, 7, 245477
What are the prime factors of 599478?
2, 3, 11, 31, 293
What are the prime factors of 16205578?
2, 41, 107, 1847
List the prime factors of 326187.
3, 4027
List the prime factors of 158095.
5, 7, 4517
What are the prime factors of 3919373?
37, 105929
What are the prime factors of 87546?
2, 3, 14591
List the prime factors of 3688729.
11, 41, 8179
List the prime factors of 190285.
5, 19, 2003
What are the prime factors of 7663375?
5, 101, 607
List the prime factors of 11210.
2, 5, 19, 59
List the prime factors of 343380.
2, 3, 5, 59, 97
What are the prime factors of 1262909?
31, 40739
List the prime factors of 14895378.
2, 3, 827521
What are the prime factors of 354202?
2, 177101
What are the prime factors of 44189?
44189
List the prime factors of 148588.
2, 11, 307
List the prime factors of 1106994.
2, 3, 7, 26357
List the prime factors of 596739.
3, 11, 13, 107
What are the prime factors of 1306077?
3, 435359
What are the prime factors of 18370240?
2, 5, 7, 59, 139
What are the prime factors of 8379423?
3, 13, 23873
List the prime factors of 524472.
2, 3, 13, 41
What are the prime factors of 631262?
2, 315631
What are the prime factors of 1465154?
2, 599, 1223
What are the prime factors of 4974366?
2, 3, 41, 73, 277
List the prime factors of 5352341.
5352341
List the prime factors of 3036330.
2, 3, 5, 11, 3067
List the prime factors of 133965.
3, 5, 13, 229
What are the prime factors of 4536969?
3, 1512323
What are the prime factors of 408938?
2, 139, 1471
What are the prime factors of 1535090?
2, 5, 153509
List the prime factors of 563934.
2, 3, 7, 29, 463
List the prime factors of 2241151.
11, 79, 2579
List the prime factors of 304848.
2, 3, 29, 73
What are the prime factors of 1127787?
3, 41, 53, 173
List the prime factors of 6822895.
5, 727, 1877
List the prime factors of 1643928.
2, 3, 11, 13, 479
What are the prime factors of 281464?
2, 151, 233
List the prime factors of 2304181.
11, 209471
List the prime factors of 370473.
3, 123491
List the prime factors of 39780561.
3, 17, 2699
List the prime factors of 2163529.
41, 52769
What are the prime factors of 2124842?
2, 197, 5393
List the prime factors of 775584.
2, 3, 2693
List the prime factors of 567821.
233, 2437
List the prime factors of 314860.
2, 5, 7, 13, 173
List the prime factors of 608748.
2, 3, 7, 7247
What are the prime factors of 621500?
2, 5, 11, 113
List the prime factors of 1030684.
2, 257671
What are the prime factors of 8804768?
2, 7, 23, 1709
List the prime factors of 70564.
2, 13, 23, 59
List the prime factors of 261857.
31, 8447
What are the prime factors of 426059?
199, 2141
List the prime factors of 617228.
2, 23, 6709
List the prime factors of 288263.
113, 2551
What are the prime factors of 152933?
11, 13903
What are the prime factors of 1401943?
1401943
List the prime factors of 7252.
2, 7, 37
What are the prime factors of 4560556?
2, 7, 11, 13, 17, 67
List the prime factors of 158747.
158747
List the prime factors of 1518361.
13, 116797
List the prime factors of 2780205.
3, 5, 73, 2539
List the prime factors of 5570596.
2, 1392649
List the prime factors of 1224007.
467, 2621
List the prime factors of 944167.
7, 19, 31, 229
What are the prime factors of 6813923?
17, 277, 1447
List the prime factors of 857408.
2, 13397
What are the prime factors of 310449?
3, 103483
List the prime factors of 1242150.
2, 3, 5, 7, 13
What are the prime factors of 344729?
7, 11, 37
What are the prime factors of 1019620?
2, 5, 7, 7283
What are the prime factors of 3991043?
7, 281, 2029
List the prime factors of 443509.
11, 23, 1753
List the prime factors of 6049403.
277, 21839
List the prime factors of 23115329.
181, 127709
What are the prime factors of 11211218?
2, 43, 130363
What are the prime factors of 537743?
537743
What are the prime factors of 26986319?
47, 71, 8087
What are the prime factors of 3830904?
2, 3, 7, 11, 691
List the prime factors of 1992735.
3, 5, 29, 509
What are the prime factors of 2120258?
2, 7, 269, 563
What are the prime factors of 2339431?
73, 439
What are the prime factors of 1713161?
89, 19249
What are the prime factors of 796835?
5, 13, 23, 41
What are the prime factors of 288570?
2, 3, 5, 9619
List the prime factors of 215259.
3, 11, 593
What are the prime factors of 7828804?
2, 1399
What are the prime factors of 1289983?
41, 73, 431
What are the prime factors of 6683255?
5, 853, 1567
What are the prime factors of 313438?
2, 156719
What are the prime factors of 848974?
2, 7, 8663
What are the prime factors of 198055?
5, 11, 13, 277
What are the prime factors of 2484151?
2484151
List the prime factors of 826104.
2, 3, 34421
List the prime factors of 148547.
7, 21221
List the prime factors of 861593.
19, 137, 331
List the prime factors of 15911609.
7, 17, 133711
What are the prime factors of 92896?
2, 2903
What are the prime factors of 98238?
2, 3, 7, 2339
List the prime factors of 4486498.
2, 307, 7307
List the prime factors of 18219255.
3, 5, 1214617
What are the prime factors of 1017290?
2, 5, 23, 4423
What are the prime factors of 680212?
2, 13, 103, 127
What are the prime factors of 274044?
2, 3, 41, 557
List the prime factors of 7583701.
139, 54559
What are the prime factors of 222685?
5, 44537
What are the prime factors of 869699?
23, 37813
What are the prime factors of 13003?
13003
List the prime factors of 6952044.
2, 3, 11, 52667
What are the prime factors of 5400855?
3, 5, 257, 467
List the prime factors of 54387.
3, 6043
List the prime factors of 3911.
3911
List the prime factors of 5770066.
2, 73, 39521
What are the prime factors of 1820756?
2, 7, 65027
What are the prime factors of 84735?
3, 5, 7, 269
List the prime factors of 74731.
74731
List the prime factors of 531684.
2, 3, 547
List the prime factors of 11153766.
2, 3, 13, 151, 947
What are the prime factors of 3193240?
2, 5, 97, 823
List the prime factors of 450571.
11, 40961
What are the prime factors of 11813446?
2, 5906723
What are the prime factors of 2388089?
11, 61, 3559
List the prime factors of 6152989.
37, 166297
What are the prime factors of 20063149?
20063149
List the prime factors of 878303.
67, 13109
What are the prime factors of 6873746?
2, 11, 17, 18379
List th